{"id":2309,"date":"2022-02-10T13:00:45","date_gmt":"2022-02-10T12:00:45","guid":{"rendered":"https:\/\/www.hydroshop.ch\/site\/?page_id=2309"},"modified":"2024-04-10T09:51:53","modified_gmt":"2024-04-10T07:51:53","slug":"services","status":"publish","type":"page","link":"https:\/\/www.hydroshop.ch\/site\/services\/","title":{"rendered":"Services"},"content":{"rendered":"<p>[et_pb_section fb_built=&#8221;1&#8243; _builder_version=&#8221;4.16&#8243; _module_preset=&#8221;default&#8221; background_enable_image=&#8221;off&#8221; background_size=&#8221;contain&#8221; custom_padding=&#8221;0px||0px||true|false&#8221; locked=&#8221;off&#8221; collapsed=&#8221;on&#8221; global_colors_info=&#8221;{}&#8221;][et_pb_row column_structure=&#8221;1_2,1_2&#8243; use_custom_gutter=&#8221;on&#8221; gutter_width=&#8221;4&#8243; _builder_version=&#8221;4.16&#8243; _module_preset=&#8221;default&#8221; background_image=&#8221;https:\/\/www.hydroshop.ch\/site\/wp-content\/uploads\/2022\/02\/drew-dau-GA2sc8nIOsk-unsplash.jpg&#8221; width=&#8221;100%&#8221; max_width=&#8221;100%&#8221; height_tablet=&#8221;&#8221; height_phone=&#8221;200px&#8221; height_last_edited=&#8221;on|phone&#8221; custom_margin_tablet=&#8221;&#8221; custom_margin_phone=&#8221;-55px||||false|false&#8221; custom_margin_last_edited=&#8221;on|phone&#8221; custom_padding=&#8221;0px||0px||true|false&#8221; global_colors_info=&#8221;{}&#8221;][et_pb_column type=&#8221;1_2&#8243; _builder_version=&#8221;4.16&#8243; _module_preset=&#8221;default&#8221; global_colors_info=&#8221;{}&#8221;][et_pb_text disabled_on=&#8221;on|on|off&#8221; _builder_version=&#8221;4.21.0&#8243; _module_preset=&#8221;default&#8221; text_font=&#8221;|700|||||||&#8221; text_text_color=&#8221;#F2F2F2&#8243; header_font=&#8221;|800|||||||&#8221; header_text_color=&#8221;#F2F2F2&#8243; header_font_size=&#8221;48px&#8221; header_line_height=&#8221;1.2em&#8221; background_color=&#8221;rgba(0,0,0,0.67)&#8221; custom_margin=&#8221;||||false|false&#8221; custom_padding=&#8221;150px||150px|70px|true|false&#8221; global_colors_info=&#8221;{}&#8221;]<\/p>\n<h1>Votre piscine, notre expertise !<\/h1>\n<p>[\/et_pb_text][\/et_pb_column][et_pb_column type=&#8221;1_2&#8243; _builder_version=&#8221;4.16&#8243; _module_preset=&#8221;default&#8221; global_colors_info=&#8221;{}&#8221;][\/et_pb_column][\/et_pb_row][\/et_pb_section][et_pb_section fb_built=&#8221;1&#8243; admin_label=&#8221;Nouvelle version&#8221; _builder_version=&#8221;4.24.2&#8243; _module_preset=&#8221;default&#8221; collapsed=&#8221;on&#8221; global_colors_info=&#8221;{}&#8221;][et_pb_row _builder_version=&#8221;4.16&#8243; _module_preset=&#8221;default&#8221; custom_margin=&#8221;||||false|false&#8221; custom_padding=&#8221;0px||0px||false|false&#8221; locked=&#8221;off&#8221; global_colors_info=&#8221;{}&#8221;][et_pb_column type=&#8221;4_4&#8243; _builder_version=&#8221;4.16&#8243; _module_preset=&#8221;default&#8221; global_colors_info=&#8221;{}&#8221;][et_pb_divider color=&#8221;#2492d2&#8243; divider_weight=&#8221;4px&#8221; _builder_version=&#8221;4.16&#8243; _module_preset=&#8221;default&#8221; width=&#8221;6%&#8221; custom_margin=&#8221;-35px||-35px||true|false&#8221; custom_margin_tablet=&#8221;&#8221; custom_margin_phone=&#8221;-45px||||false|false&#8221; custom_margin_last_edited=&#8221;on|phone&#8221; custom_padding=&#8221;20px||0px||false|false&#8221; global_colors_info=&#8221;{}&#8221;][\/et_pb_divider][et_pb_text _builder_version=&#8221;4.24.2&#8243; _module_preset=&#8221;default&#8221; custom_margin=&#8221;||10px|85px|false|false&#8221; custom_margin_tablet=&#8221;|||40px|false|false&#8221; custom_margin_phone=&#8221;4px|||25px|false|false&#8221; custom_margin_last_edited=&#8221;on|phone&#8221; global_colors_info=&#8221;{}&#8221;]<\/p>\n<p><span style=\"color: #2492d2; font-weight: bold; font-size: 22px;\">SERVICES<\/span><\/p>\n<p>[\/et_pb_text][\/et_pb_column][\/et_pb_row][et_pb_row _builder_version=&#8221;4.24.2&#8243; _module_preset=&#8221;default&#8221; global_colors_info=&#8221;{}&#8221;][et_pb_column type=&#8221;4_4&#8243; _builder_version=&#8221;4.24.2&#8243; _module_preset=&#8221;default&#8221; global_colors_info=&#8221;{}&#8221;][et_pb_text admin_label=&#8221;Des services de qualit\u00e9 pour une piscine impeccable&#8221; _builder_version=&#8221;4.24.2&#8243; _module_preset=&#8221;default&#8221; global_colors_info=&#8221;{}&#8221;]<\/p>\n<h2><strong>Des services de qualit\u00e9 pour une piscine impeccable<\/strong><\/h2>\n<p>[\/et_pb_text][\/et_pb_column][\/et_pb_row][et_pb_row _builder_version=&#8221;4.24.2&#8243; _module_preset=&#8221;default&#8221; global_colors_info=&#8221;{}&#8221;][et_pb_column type=&#8221;4_4&#8243; _builder_version=&#8221;4.24.2&#8243; _module_preset=&#8221;default&#8221; global_colors_info=&#8221;{}&#8221;][et_pb_text admin_label=&#8221;Votre piscine&#8230; et texte&#8221; _builder_version=&#8221;4.24.2&#8243; _module_preset=&#8221;default&#8221; global_colors_info=&#8221;{}&#8221;]<\/p>\n<h3 data-sourcepos=\"7:1-7:232\"><strong>Votre piscine, notre expertise : services de maintenance, r\u00e9paration et contr\u00f4le de l&#8217;eau<\/strong><\/h3>\n<p data-sourcepos=\"7:1-7:232\"><strong>Profitez de votre piscine sans soucis<\/strong> en confiant son entretien \u00e0 nos experts. [Nom de votre entreprise] vous propose une large gamme de services pour garantir la propret\u00e9, la s\u00e9curit\u00e9 et le bon fonctionnement de votre piscine :<\/p>\n<ul data-sourcepos=\"9:1-12:0\">\n<li data-sourcepos=\"9:1-9:133\"><strong>Maintenance :<\/strong>\u00a0nettoyage du bassin, entretien des skimmers, du filtre et de la pompe, v\u00e9rification du pH et du taux de chlore&#8230;<\/li>\n<li data-sourcepos=\"10:1-10:110\"><strong>R\u00e9paration :<\/strong>\u00a0intervention rapide en cas de fuite, de panne de pompe ou de tout autre probl\u00e8me technique.<\/li>\n<li data-sourcepos=\"11:1-12:0\"><strong>Contr\u00f4le de l&#8217;eau :<\/strong>\u00a0analyse du pH, du taux de chlore et d&#8217;autres param\u00e8tres importants pour garantir une eau saine et agr\u00e9able.<\/li>\n<\/ul>\n<p data-sourcepos=\"13:1-13:133\"><strong>Nos techniciens exp\u00e9riment\u00e9s<\/strong> sont \u00e0 votre disposition pour vous conseiller et vous proposer des solutions adapt\u00e9es \u00e0 vos besoins.<\/p>\n<p data-sourcepos=\"15:1-15:83\"><strong>Confiez-nous l&#8217;entretien de votre piscine et profitez pleinement de votre \u00e9t\u00e9 !<\/strong><\/p>\n<p>[\/et_pb_text][\/et_pb_column][\/et_pb_row][\/et_pb_section][et_pb_section fb_built=&#8221;1&#8243; admin_label=&#8221;Galerie photos&#8221; _builder_version=&#8221;4.24.2&#8243; _module_preset=&#8221;default&#8221; collapsed=&#8221;on&#8221; global_colors_info=&#8221;{}&#8221;][et_pb_row _builder_version=&#8221;4.24.2&#8243; _module_preset=&#8221;default&#8221; global_colors_info=&#8221;{}&#8221;][et_pb_column type=&#8221;4_4&#8243; _builder_version=&#8221;4.24.2&#8243; _module_preset=&#8221;default&#8221; global_colors_info=&#8221;{}&#8221;][et_pb_gallery gallery_ids=&#8221;4963,4812,4811,4808,4806,4807,4809,4515&#8243; show_title_and_caption=&#8221;off&#8221; _builder_version=&#8221;4.24.2&#8243; _module_preset=&#8221;default&#8221; global_colors_info=&#8221;{}&#8221;][\/et_pb_gallery][\/et_pb_column][\/et_pb_row][\/et_pb_section][et_pb_section fb_built=&#8221;1&#8243; custom_padding_last_edited=&#8221;on|phone&#8221; _builder_version=&#8221;4.16&#8243; _module_preset=&#8221;795d06b4-6187-417e-afb5-310c5d7d28dc&#8221; background_color=&#8221;#0C71C3&#8243; use_background_color_gradient=&#8221;on&#8221; background_color_gradient_stops=&#8221;#2b87da 0%|#2a5ed6 100%&#8221; background_color_gradient_end=&#8221;#2a5ed6&#8243; background_image=&#8221;https:\/\/www.hydroshop.ch\/site\/wp-content\/uploads\/2022\/02\/SECTION111.png&#8221; background_position=&#8221;bottom_center&#8221; custom_padding_tablet=&#8221;&#8221; custom_padding_phone=&#8221;20px||20px||true|false&#8221; locked=&#8221;off&#8221; global_colors_info=&#8221;{}&#8221;][et_pb_row _builder_version=&#8221;4.16&#8243; _module_preset=&#8221;default&#8221; custom_padding=&#8221;6px||1px|||&#8221; global_colors_info=&#8221;{}&#8221;][et_pb_column type=&#8221;4_4&#8243; _builder_version=&#8221;4.16&#8243; _module_preset=&#8221;default&#8221; global_colors_info=&#8221;{}&#8221;][et_pb_text admin_label=&#8221;La force de l&#8217;eau&#8221; _builder_version=&#8221;4.24.2&#8243; _module_preset=&#8221;1ef0dc87-863b-4172-8031-3dfd7036f17d&#8221; text_font=&#8221;Georgia||||||||&#8221; link_option_url=&#8221;https:\/\/www.hydroshop.ch\/site\/contact\/&#8221; global_colors_info=&#8221;{}&#8221;]<\/p>\n<p style=\"text-align: center; font-size: 40px; line-height: 1.3; font-weight: 600; color: white;\">LA FORCE DE L&#8217;EAU<\/p>\n<p>[\/et_pb_text][\/et_pb_column][\/et_pb_row][\/et_pb_section][et_pb_section fb_built=&#8221;1&#8243; admin_label=&#8221;Section services image et texte&#8221; _builder_version=&#8221;4.24.2&#8243; _module_preset=&#8221;default&#8221; custom_padding=&#8221;40px||1px|||&#8221; saved_tabs=&#8221;all&#8221; locked=&#8221;off&#8221; collapsed=&#8221;on&#8221; global_colors_info=&#8221;{}&#8221;][et_pb_row _builder_version=&#8221;4.16&#8243; _module_preset=&#8221;default&#8221; custom_padding=&#8221;0px||4px|||&#8221; locked=&#8221;off&#8221; global_colors_info=&#8221;{}&#8221;][et_pb_column type=&#8221;4_4&#8243; _builder_version=&#8221;4.16&#8243; _module_preset=&#8221;default&#8221; global_colors_info=&#8221;{}&#8221;][et_pb_text _builder_version=&#8221;4.16&#8243; _module_preset=&#8221;default&#8221; min_height=&#8221;92px&#8221; custom_margin=&#8221;||-29px|||&#8221; custom_padding=&#8221;28px||0px|||&#8221; locked=&#8221;off&#8221; global_colors_info=&#8221;{}&#8221;]<\/p>\n<h2 style=\"font-weight: bold; text-align: center;\">Les services <span style=\"color: #2492d2;\">HydroShop <\/span><\/h2>\n<p style=\"margin-bottom: 25px; font-weight: 400; font-size: 17px;\">[\/et_pb_text][\/et_pb_column][\/et_pb_row][et_pb_row column_structure=&#8221;1_3,1_3,1_3&#8243; use_custom_gutter=&#8221;on&#8221; gutter_width=&#8221;2&#8243; make_equal=&#8221;on&#8221; custom_padding_last_edited=&#8221;on|tablet&#8221; _builder_version=&#8221;4.16&#8243; _module_preset=&#8221;default&#8221; module_alignment=&#8221;center&#8221; custom_margin_tablet=&#8221;||||false|false&#8221; custom_margin_phone=&#8221;&#8221; custom_margin_last_edited=&#8221;on|tablet&#8221; custom_padding=&#8221;||0px||false|true&#8221; custom_padding_tablet=&#8221;||||false|false&#8221; custom_padding_phone=&#8221;&#8221; global_colors_info=&#8221;{}&#8221;][et_pb_column type=&#8221;1_3&#8243; _builder_version=&#8221;4.16&#8243; _module_preset=&#8221;default&#8221; custom_padding=&#8221;|0px|||false|false&#8221; global_colors_info=&#8221;{}&#8221;][et_pb_image src=&#8221;https:\/\/www.hydroshop.ch\/site\/wp-content\/uploads\/2022\/02\/testservice1-1.jpg&#8221; title_text=&#8221;testservice1&#8243; url=&#8221;https:\/\/www.hydroshop.ch\/site\/piscine\/&#8221; align_phone=&#8221;left&#8221; align_last_edited=&#8221;off|phone&#8221; admin_label=&#8221;entretien piscine.image&#8221; _builder_version=&#8221;4.24.2&#8243; _module_preset=&#8221;default&#8221; custom_padding_tablet=&#8221;|||100px|false|false&#8221; custom_padding_phone=&#8221;|||0px|false|false&#8221; custom_padding_last_edited=&#8221;on|tablet&#8221; global_colors_info=&#8221;{}&#8221;][\/et_pb_image][et_pb_text admin_label=&#8221;entretien piscine.texte&#8221; _builder_version=&#8221;4.24.2&#8243; _module_preset=&#8221;default&#8221; module_alignment=&#8221;center&#8221; custom_margin=&#8221;||||false|false&#8221; custom_margin_tablet=&#8221;|||0px|false|false&#8221; custom_margin_phone=&#8221;||||false|false&#8221; custom_margin_last_edited=&#8221;on|phone&#8221; custom_padding=&#8221;||||false|false&#8221; custom_padding_tablet=&#8221;|40px||0px|false|false&#8221; custom_padding_phone=&#8221;|0px||0px|false|false&#8221; custom_padding_last_edited=&#8221;on|phone&#8221; locked=&#8221;off&#8221; global_colors_info=&#8221;{}&#8221;]<\/p>\n<h2 style=\"font-weight: bold; text-align: center;\"><span style=\"color: #2492d2;\">Entretien piscine<\/span><\/h2>\n<p style=\"margin-bottom: 25px; font-weight: 400; font-size: 17px;\">[\/et_pb_text][\/et_pb_column][et_pb_column type=&#8221;1_3&#8243; _builder_version=&#8221;4.16&#8243; _module_preset=&#8221;default&#8221; global_colors_info=&#8221;{}&#8221;][et_pb_image src=&#8221;https:\/\/www.hydroshop.ch\/site\/wp-content\/uploads\/2022\/02\/service3.jpg&#8221; title_text=&#8221;service3&#8243; url=&#8221;https:\/\/www.hydroshop.ch\/site\/spa-et-jacuzzi\/&#8221; _builder_version=&#8221;4.16&#8243; _module_preset=&#8221;default&#8221; custom_padding_tablet=&#8221;|||100px|false|false&#8221; custom_padding_phone=&#8221;|||0px|false|false&#8221; custom_padding_last_edited=&#8221;on|tablet&#8221; locked=&#8221;off&#8221; global_colors_info=&#8221;{}&#8221;][\/et_pb_image][et_pb_text _builder_version=&#8221;4.16&#8243; _module_preset=&#8221;default&#8221; locked=&#8221;off&#8221; global_colors_info=&#8221;{}&#8221;]<\/p>\n<h2 style=\"font-weight: bold; text-align: center;\"><span style=\"color: #2492d2;\">R\u00e9paration et entretien<br \/>Jacuzzi \/ SPA<\/span><\/h2>\n<p style=\"margin-bottom: 25px; font-weight: 400; font-size: 17px;\">[\/et_pb_text][\/et_pb_column][et_pb_column type=&#8221;1_3&#8243; _builder_version=&#8221;4.16&#8243; _module_preset=&#8221;default&#8221; global_colors_info=&#8221;{}&#8221;][et_pb_image src=&#8221;https:\/\/www.hydroshop.ch\/site\/wp-content\/uploads\/2022\/02\/service2.jpg&#8221; title_text=&#8221;service2&#8243; url=&#8221;https:\/\/www.hydroshop.ch\/site\/produits\/&#8221; _builder_version=&#8221;4.16&#8243; _module_preset=&#8221;default&#8221; custom_padding_tablet=&#8221;|||100px|false|false&#8221; custom_padding_phone=&#8221;|||0px|false|false&#8221; custom_padding_last_edited=&#8221;on|tablet&#8221; locked=&#8221;off&#8221; global_colors_info=&#8221;{}&#8221;][\/et_pb_image][et_pb_text _builder_version=&#8221;4.16&#8243; _module_preset=&#8221;default&#8221; custom_padding=&#8221;|30px|||false|false&#8221; locked=&#8221;off&#8221; global_colors_info=&#8221;{}&#8221;]<\/p>\n<h2 style=\"font-weight: bold; text-align: center;\"><span style=\"color: #2492d2;\">Les bons produits et<br \/>aux meilleurs prix<\/span><\/h2>\n<p style=\"margin-bottom: 25px; font-weight: 400; font-size: 17px;\">[\/et_pb_text][\/et_pb_column][\/et_pb_row][et_pb_row column_structure=&#8221;1_3,1_3,1_3&#8243; use_custom_gutter=&#8221;on&#8221; gutter_width=&#8221;2&#8243; make_equal=&#8221;on&#8221; custom_padding_last_edited=&#8221;on|tablet&#8221; _builder_version=&#8221;4.16&#8243; _module_preset=&#8221;default&#8221; module_alignment=&#8221;center&#8221; custom_padding=&#8221;0px||0px||true|true&#8221; custom_padding_tablet=&#8221;0px||0px||true|false&#8221; custom_padding_phone=&#8221;&#8221; global_colors_info=&#8221;{}&#8221;][et_pb_column type=&#8221;1_3&#8243; _builder_version=&#8221;4.16&#8243; _module_preset=&#8221;default&#8221; custom_padding=&#8221;|0px|||false|false&#8221; global_colors_info=&#8221;{}&#8221;][et_pb_image src=&#8221;https:\/\/www.hydroshop.ch\/site\/wp-content\/uploads\/2022\/02\/SERVICE4.jpg&#8221; title_text=&#8221;SERVICE4&#8243; url=&#8221;https:\/\/www.hydroshop.ch\/site\/conseils\/&#8221; admin_label=&#8221;bon conseil.image&#8221; _builder_version=&#8221;4.24.2&#8243; _module_preset=&#8221;default&#8221; custom_padding_tablet=&#8221;|||100px|false|false&#8221; custom_padding_phone=&#8221;|||0px|false|false&#8221; custom_padding_last_edited=&#8221;on|tablet&#8221; global_colors_info=&#8221;{}&#8221;][\/et_pb_image][et_pb_text admin_label=&#8221;bon conseil.texte&#8221; _builder_version=&#8221;4.24.2&#8243; _module_preset=&#8221;default&#8221; custom_padding=&#8221;||||false|false&#8221; locked=&#8221;off&#8221; global_colors_info=&#8221;{}&#8221;]<\/p>\n<h2 style=\"font-weight: bold; text-align: center;\"><span style=\"color: #2492d2;\">De bons conseils, c&#8217;est moins<br \/>\nd&#8217;entretien<\/span><\/h2>\n<p style=\"margin-bottom: 25px; font-weight: 400; font-size: 17px;\">[\/et_pb_text][\/et_pb_column][et_pb_column type=&#8221;1_3&#8243; _builder_version=&#8221;4.16&#8243; _module_preset=&#8221;default&#8221; global_colors_info=&#8221;{}&#8221;][et_pb_image src=&#8221;https:\/\/www.hydroshop.ch\/site\/wp-content\/uploads\/2022\/02\/SERVICE5.jpg&#8221; title_text=&#8221;SERVICE5&#8243; url=&#8221;https:\/\/www.hydroshop.ch\/site\/traitement-entretien\/&#8221; _builder_version=&#8221;4.16&#8243; _module_preset=&#8221;default&#8221; custom_padding_tablet=&#8221;|||100px|false|false&#8221; custom_padding_phone=&#8221;|||0px|false|false&#8221; custom_padding_last_edited=&#8221;on|phone&#8221; locked=&#8221;off&#8221; global_colors_info=&#8221;{}&#8221;][\/et_pb_image][et_pb_text _builder_version=&#8221;4.16&#8243; _module_preset=&#8221;default&#8221; custom_padding_tablet=&#8221;|20px|||false|false&#8221; custom_padding_phone=&#8221;&#8221; custom_padding_last_edited=&#8221;on|tablet&#8221; locked=&#8221;off&#8221; global_colors_info=&#8221;{}&#8221;]<\/p>\n<h2 style=\"font-weight: bold; text-align: center;\"><span style=\"color: #2492d2;\">Contr\u00f4lez vos installations<\/span><\/h2>\n<p style=\"margin-bottom: 25px; font-weight: 400; font-size: 17px;\">[\/et_pb_text][\/et_pb_column][et_pb_column type=&#8221;1_3&#8243; _builder_version=&#8221;4.16&#8243; _module_preset=&#8221;default&#8221; global_colors_info=&#8221;{}&#8221;][et_pb_image src=&#8221;https:\/\/www.hydroshop.ch\/site\/wp-content\/uploads\/2022\/02\/service6.jpg&#8221; title_text=&#8221;service6&#8243; url=&#8221;https:\/\/www.hydroshop.ch\/site\/entretenir-hydro\/&#8221; _builder_version=&#8221;4.16&#8243; _module_preset=&#8221;default&#8221; custom_padding_tablet=&#8221;|||100px|false|false&#8221; custom_padding_phone=&#8221;|||0px|false|false&#8221; custom_padding_last_edited=&#8221;on|phone&#8221; locked=&#8221;off&#8221; global_colors_info=&#8221;{}&#8221;][\/et_pb_image][et_pb_text _builder_version=&#8221;4.16&#8243; _module_preset=&#8221;default&#8221; custom_padding=&#8221;|30px|||false|false&#8221; locked=&#8221;off&#8221; global_colors_info=&#8221;{}&#8221;]<\/p>\n<h2 style=\"font-weight: bold; text-align: center;\"><span style=\"color: #2492d2;\">R\u00e9parez ou changez !<\/span><\/h2>\n<p style=\"margin-bottom: 25px; font-weight: 400; font-size: 17px;\">[\/et_pb_text][\/et_pb_column][\/et_pb_row][\/et_pb_section]<\/p>\n","protected":false},"excerpt":{"rendered":"<p>Votre piscine, notre expertise !SERVICESDes services de qualit\u00e9 pour une piscine impeccableVotre piscine, notre expertise : services de maintenance, r\u00e9paration et contr\u00f4le de l&#8217;eau Profitez de votre piscine sans soucis en confiant son entretien \u00e0 nos experts. [Nom de votre entreprise] vous propose une large gamme de services pour garantir la propret\u00e9, la s\u00e9curit\u00e9 et [&hellip;]<\/p>\n","protected":false},"author":6,"featured_media":0,"parent":0,"menu_order":0,"comment_status":"closed","ping_status":"closed","template":"","meta":{"_et_pb_use_builder":"on","_et_pb_old_content":"","_et_gb_content_width":"","footnotes":""},"yoast_head":"<!-- This site is optimized with the Yoast SEO plugin v23.5 - https:\/\/yoast.com\/wordpress\/plugins\/seo\/ -->\n<title>Assistance technique et maintenance de votre piscine et spa<\/title>\n<meta name=\"description\" content=\"Chez HydroShop, nous assurons l&#039;assistance technique et la maintenance de votre piscine, spa ou jacuzzi. Faites appel \u00e0 nous\" \/>\n<meta name=\"robots\" content=\"index, follow, max-snippet:-1, max-image-preview:large, max-video-preview:-1\" \/>\n<link rel=\"canonical\" href=\"https:\/\/www.hydroshop.ch\/site\/services\/\" \/>\n<meta property=\"og:locale\" content=\"fr_FR\" \/>\n<meta property=\"og:type\" content=\"article\" \/>\n<meta property=\"og:title\" content=\"Assistance technique et maintenance de votre piscine et spa\" \/>\n<meta property=\"og:description\" content=\"Chez HydroShop, nous assurons l&#039;assistance technique et la maintenance de votre piscine, spa ou jacuzzi. Faites appel \u00e0 nous\" \/>\n<meta property=\"og:url\" content=\"https:\/\/www.hydroshop.ch\/site\/services\/\" \/>\n<meta property=\"og:site_name\" content=\"Hydroshop\" \/>\n<meta property=\"article:modified_time\" content=\"2024-04-10T07:51:53+00:00\" \/>\n<meta name=\"twitter:card\" content=\"summary_large_image\" \/>\n<meta name=\"twitter:label1\" content=\"Dur\u00e9e de lecture estim\u00e9e\" \/>\n\t<meta name=\"twitter:data1\" content=\"8 minutes\" \/>\n<script type=\"application\/ld+json\" class=\"yoast-schema-graph\">{\"@context\":\"https:\/\/schema.org\",\"@graph\":[{\"@type\":\"WebPage\",\"@id\":\"https:\/\/www.hydroshop.ch\/site\/services\/\",\"url\":\"https:\/\/www.hydroshop.ch\/site\/services\/\",\"name\":\"Assistance technique et maintenance de votre piscine et spa\",\"isPartOf\":{\"@id\":\"https:\/\/www.hydroshop.ch\/site\/#website\"},\"datePublished\":\"2022-02-10T12:00:45+00:00\",\"dateModified\":\"2024-04-10T07:51:53+00:00\",\"description\":\"Chez HydroShop, nous assurons l'assistance technique et la maintenance de votre piscine, spa ou jacuzzi. Faites appel \u00e0 nous\",\"breadcrumb\":{\"@id\":\"https:\/\/www.hydroshop.ch\/site\/services\/#breadcrumb\"},\"inLanguage\":\"fr-FR\",\"potentialAction\":[{\"@type\":\"ReadAction\",\"target\":[\"https:\/\/www.hydroshop.ch\/site\/services\/\"]}]},{\"@type\":\"BreadcrumbList\",\"@id\":\"https:\/\/www.hydroshop.ch\/site\/services\/#breadcrumb\",\"itemListElement\":[{\"@type\":\"ListItem\",\"position\":1,\"name\":\"Accueil\",\"item\":\"https:\/\/www.hydroshop.ch\/site\/\"},{\"@type\":\"ListItem\",\"position\":2,\"name\":\"Services\"}]},{\"@type\":\"WebSite\",\"@id\":\"https:\/\/www.hydroshop.ch\/site\/#website\",\"url\":\"https:\/\/www.hydroshop.ch\/site\/\",\"name\":\"Pollien &amp; Fils SA\",\"description\":\"\",\"publisher\":{\"@id\":\"https:\/\/www.hydroshop.ch\/site\/#organization\"},\"potentialAction\":[{\"@type\":\"SearchAction\",\"target\":{\"@type\":\"EntryPoint\",\"urlTemplate\":\"https:\/\/www.hydroshop.ch\/site\/?s={search_term_string}\"},\"query-input\":{\"@type\":\"PropertyValueSpecification\",\"valueRequired\":true,\"valueName\":\"search_term_string\"}}],\"inLanguage\":\"fr-FR\"},{\"@type\":\"Organization\",\"@id\":\"https:\/\/www.hydroshop.ch\/site\/#organization\",\"name\":\"Pollien SA\",\"url\":\"https:\/\/www.hydroshop.ch\/site\/\",\"logo\":{\"@type\":\"ImageObject\",\"inLanguage\":\"fr-FR\",\"@id\":\"https:\/\/www.hydroshop.ch\/site\/#\/schema\/logo\/image\/\",\"url\":\"\",\"contentUrl\":\"\",\"caption\":\"Pollien SA\"},\"image\":{\"@id\":\"https:\/\/www.hydroshop.ch\/site\/#\/schema\/logo\/image\/\"}}]}<\/script>\n<!-- \/ Yoast SEO plugin. -->","yoast_head_json":{"title":"Assistance technique et maintenance de votre piscine et spa","description":"Chez HydroShop, nous assurons l'assistance technique et la maintenance de votre piscine, spa ou jacuzzi. Faites appel \u00e0 nous","robots":{"index":"index","follow":"follow","max-snippet":"max-snippet:-1","max-image-preview":"max-image-preview:large","max-video-preview":"max-video-preview:-1"},"canonical":"https:\/\/www.hydroshop.ch\/site\/services\/","og_locale":"fr_FR","og_type":"article","og_title":"Assistance technique et maintenance de votre piscine et spa","og_description":"Chez HydroShop, nous assurons l'assistance technique et la maintenance de votre piscine, spa ou jacuzzi. Faites appel \u00e0 nous","og_url":"https:\/\/www.hydroshop.ch\/site\/services\/","og_site_name":"Hydroshop","article_modified_time":"2024-04-10T07:51:53+00:00","twitter_card":"summary_large_image","twitter_misc":{"Dur\u00e9e de lecture estim\u00e9e":"8 minutes"},"schema":{"@context":"https:\/\/schema.org","@graph":[{"@type":"WebPage","@id":"https:\/\/www.hydroshop.ch\/site\/services\/","url":"https:\/\/www.hydroshop.ch\/site\/services\/","name":"Assistance technique et maintenance de votre piscine et spa","isPartOf":{"@id":"https:\/\/www.hydroshop.ch\/site\/#website"},"datePublished":"2022-02-10T12:00:45+00:00","dateModified":"2024-04-10T07:51:53+00:00","description":"Chez HydroShop, nous assurons l'assistance technique et la maintenance de votre piscine, spa ou jacuzzi. Faites appel \u00e0 nous","breadcrumb":{"@id":"https:\/\/www.hydroshop.ch\/site\/services\/#breadcrumb"},"inLanguage":"fr-FR","potentialAction":[{"@type":"ReadAction","target":["https:\/\/www.hydroshop.ch\/site\/services\/"]}]},{"@type":"BreadcrumbList","@id":"https:\/\/www.hydroshop.ch\/site\/services\/#breadcrumb","itemListElement":[{"@type":"ListItem","position":1,"name":"Accueil","item":"https:\/\/www.hydroshop.ch\/site\/"},{"@type":"ListItem","position":2,"name":"Services"}]},{"@type":"WebSite","@id":"https:\/\/www.hydroshop.ch\/site\/#website","url":"https:\/\/www.hydroshop.ch\/site\/","name":"Pollien &amp; Fils SA","description":"","publisher":{"@id":"https:\/\/www.hydroshop.ch\/site\/#organization"},"potentialAction":[{"@type":"SearchAction","target":{"@type":"EntryPoint","urlTemplate":"https:\/\/www.hydroshop.ch\/site\/?s={search_term_string}"},"query-input":{"@type":"PropertyValueSpecification","valueRequired":true,"valueName":"search_term_string"}}],"inLanguage":"fr-FR"},{"@type":"Organization","@id":"https:\/\/www.hydroshop.ch\/site\/#organization","name":"Pollien SA","url":"https:\/\/www.hydroshop.ch\/site\/","logo":{"@type":"ImageObject","inLanguage":"fr-FR","@id":"https:\/\/www.hydroshop.ch\/site\/#\/schema\/logo\/image\/","url":"","contentUrl":"","caption":"Pollien SA"},"image":{"@id":"https:\/\/www.hydroshop.ch\/site\/#\/schema\/logo\/image\/"}}]}},"_links":{"self":[{"href":"https:\/\/www.hydroshop.ch\/site\/wp-json\/wp\/v2\/pages\/2309"}],"collection":[{"href":"https:\/\/www.hydroshop.ch\/site\/wp-json\/wp\/v2\/pages"}],"about":[{"href":"https:\/\/www.hydroshop.ch\/site\/wp-json\/wp\/v2\/types\/page"}],"author":[{"embeddable":true,"href":"https:\/\/www.hydroshop.ch\/site\/wp-json\/wp\/v2\/users\/6"}],"replies":[{"embeddable":true,"href":"https:\/\/www.hydroshop.ch\/site\/wp-json\/wp\/v2\/comments?post=2309"}],"version-history":[{"count":49,"href":"https:\/\/www.hydroshop.ch\/site\/wp-json\/wp\/v2\/pages\/2309\/revisions"}],"predecessor-version":[{"id":6764,"href":"https:\/\/www.hydroshop.ch\/site\/wp-json\/wp\/v2\/pages\/2309\/revisions\/6764"}],"wp:attachment":[{"href":"https:\/\/www.hydroshop.ch\/site\/wp-json\/wp\/v2\/media?parent=2309"}],"curies":[{"name":"wp","href":"https:\/\/api.w.org\/{rel}","templated":true}]}}